{"version":"1.0","provider_name":"FONDATION CAB","provider_url":"https:\/\/fondationcab.com\/fr","title":"LANCEMENT DU LIVRE ET TEA TIME - FONDATION CAB","type":"rich","width":600,"height":338,"html":"<blockquote class=\"wp-embedded-content\" data-secret=\"bAHvvj5imk\"><a href=\"https:\/\/fondationcab.com\/fr\/book-launch-and-afternoon-tea\">LANCEMENT DU LIVRE ET TEA TIME<\/a><\/blockquote><iframe sandbox=\"allow-scripts\" security=\"restricted\" src=\"https:\/\/fondationcab.com\/fr\/book-launch-and-afternoon-tea\/embed#?secret=bAHvvj5imk\" width=\"600\" height=\"338\" title=\"\u00ab\u00a0LANCEMENT DU LIVRE ET TEA TIME\u00a0\u00bb &#8212; FONDATION CAB\" data-secret=\"bAHvvj5imk\" frameborder=\"0\" marginwidth=\"0\" marginheight=\"0\" scrolling=\"no\" class=\"wp-embedded-content\"><\/iframe><script type=\"text\/javascript\">\n\/* <![CDATA[ *\/\n\/*! This file is auto-generated *\/\n!function(d,l){\"use strict\";l.querySelector&&d.addEventListener&&\"undefined\"!=typeof URL&&(d.wp=d.wp||{},d.wp.receiveEmbedMessage||(d.wp.receiveEmbedMessage=function(e){var t=e.data;if((t||t.secret||t.message||t.value)&&!\/[^a-zA-Z0-9]\/.test(t.secret)){for(var s,r,n,a=l.querySelectorAll('iframe[data-secret=\"'+t.secret+'\"]'),o=l.querySelectorAll('blockquote[data-secret=\"'+t.secret+'\"]'),c=new RegExp(\"^https?:$\",\"i\"),i=0;i<o.length;i++)o[i].style.display=\"none\";for(i=0;i<a.length;i++)s=a[i],e.source===s.contentWindow&&(s.removeAttribute(\"style\"),\"height\"===t.message?(1e3<(r=parseInt(t.value,10))?r=1e3:~~r<200&&(r=200),s.height=r):\"link\"===t.message&&(r=new URL(s.getAttribute(\"src\")),n=new URL(t.value),c.test(n.protocol))&&n.host===r.host&&l.activeElement===s&&(d.top.location.href=t.value))}},d.addEventListener(\"message\",d.wp.receiveEmbedMessage,!1),l.addEventListener(\"DOMContentLoaded\",function(){for(var e,t,s=l.querySelectorAll(\"iframe.wp-embedded-content\"),r=0;r<s.length;r++)(t=(e=s[r]).getAttribute(\"data-secret\"))||(t=Math.random().toString(36).substring(2,12),e.src+=\"#?secret=\"+t,e.setAttribute(\"data-secret\",t)),e.contentWindow.postMessage({message:\"ready\",secret:t},\"*\")},!1)))}(window,document);\n\/\/# sourceURL=https:\/\/fondationcab.com\/wp-includes\/js\/wp-embed.min.js\n\/* ]]> *\/\n<\/script>\n","thumbnail_url":"https:\/\/fondationcab.com\/wp-content\/uploads\/2018\/04\/spreads_cwjp_corr-1.jpg","thumbnail_width":1200,"thumbnail_height":840,"description":"La publication rassemble les cinq expositions que nous avons organis\u00e9es en dialogue avec la Maison D\u00e9montable de Jean Prouv\u00e9 (1944), de septembre 2016 \u00e0 mai 2018. Avec des contributions d'Hubert Bonnet, Fran\u00e7ois Laffanour et Catherine Coley, et Matthieu Poirier ainsi que des pages d'artistes de Roel Heremans, Erika Hock, Adrien Tirtiaux, des b\u00fbcherons et Charlotte Posenenske (avec l'aide du Dr. Burkhard Brunn, Estate Charlotte Posenenske). &nbsp;"}

La publication rassemble les cinq expositions que nous avons organisées en dialogue avec la Maison Démontable de Jean Prouvé (1944), de septembre 2016 à mai 2018. Avec des contributions d'Hubert Bonnet, François Laffanour et Catherine Coley, et Matthieu Poirier ainsi que des pages d'artistes de Roel Heremans, Erika Hock, Adrien Tirtiaux, des bûcherons et Charlotte Posenenske (avec l'aide du Dr. Burkhard Brunn, Estate Charlotte Posenenske). &nbsp;
